 be the first derivative of -1 + x**4 - 1/2*x**2 + 0*x**3 + 0*x. What is m(t)?
-3
Suppose 0 = -162*q - 89*q + 753. Let x(w) = -6*w**2 + 15*w + 6. Determine x(q).
-3
Suppose -4*v = i + 3 - 7, 5*i - 20 = 3*v. Let b(j) be the second derivative of j**2 + 15*j + v + 5/12*j**4 + 1/2*j**3. What is b(-2)?
16
Suppose 0 - 4 = l + v, -5*l + 2*v + 1 = 0. Let c(j) = 5*j**2 + 9*j - 2167. Let y(x) = 3*x**2 + 5*x - 1182. Let f(i) = 6*c(i) - 11*y(i). Give f(l).
-2
Suppose 2*b + 20 - 2 = 0. Let h be 7*1 + (-18 - (-10 - 3)). Let y(s) = 59*s**2 + s**3 - 12 + 43*s**2 - 93*s**h - 2*s. Determine y(b).
6
Let s(z) = -3*z**3 + 2*z - 109 + 0*z**3 + 22 + 43 + 2*z**3. Determine s(0).
-44
Let q(w) = w**3 - 34*w**2 - 37*w + 76. Suppose -117*j + 8015 = 112*j. Give q(j).
6
Let d = -52 + 115. Let z = d + -38. Suppose 76*p = 71*p + z. Let b(t) = -t + 10. What is b(p)?
5
Let z(c) = -18*c + 37. Let k be z(1). Let l(o) be the second derivative of o**4/12 - 10*o**3/3 + 12*o**2 - 2*o - 6. Calculate l(k).
5
Let n(i) = i**2 - 7*i + 7. Suppose -15*s = -15 + 150. Let k(w) = -w**3 - 11*w**2 - 18*w + 4. Let r be k(s). Determine n(r).
-5
Let g(d) = -126*d + 1043. Let c(j) = 84*j - 690. Let n(l) = 7*c(l) + 5*g(l). Calculate n(9).
7
Let b = 1 + -1. Let y(x) = -2405 - 3*x + 2*x**3 + 3*x + 2407 - x**3. Calculate y(b).
2
Let r = -11058 - -11069. Let f(i) = 9*i + 30. Let t(o) = 5*o + 15. Let l(y) = 6*f(y) - 11*t(y). Determine l(r).
4
Let o = -106 + 98. Let b(g) = 6*g + g**2 + 1 - 8*g + 3*g - 6 + 5*g. What is b(o)?
11
Let a(z) = 2*z - 36. Let y = -24 + 43. Let p be a(y). Suppose -10 = -p*f - 0. Let i(d) = -d**3 + 4*d**2 + 6*d - 2. What is i(f)?
3
Let d be (-1)/(((-11)/6)/(-11)). Let b(m) = -3*m**3 + 7*m**2 - 17*m + 15. Let h(a) = -4*a**3 + 11*a**2 - 24*a + 22. Let v(q) = -7*b(q) + 5*h(q). Determine v(d).
11
Suppose -61*g + 2*a + 29 = -66*g, g + 5*a = 8. Let b(t) = t**3 - 3*t**2 - 4*t - 1. Let l(v) = -5*v**2 - 7*v - 2. Let s(j) = g*b(j) + 4*l(j). Calculate s(-1).
7
Let j(s) = s**3 + 10*s**2 - 10*s + 14. Suppose -t + 15 = 26. Let v be j(t). Let o(h) = -v*h - 12 + 3 + 4*h**2 - 3*h**2 + 5. Determine o(3).
-4
Let j(w) = 7*w - 158. Let u(t) = -992*t + 4983. Let i be u(5). Give j(i).
3
Let j(n) = -62 + 0*n + 54 + n - 46. Calculate j(-25).
-79
Let n(l) = 8349 - 2782 - 2783 - 2787 + l. Let t(u) = u**3 + 2*u**2 - u - 2. Let h be t(-2). What is n(h)?
-3
Let m(t) be the third derivative of -t**6/120 + 2*t**5/15 + t**4/6 - 3*t**3 - 327*t**2 - t. Determine m(8).
14
Let a(v) = -v**2 + 8*v + 2. Let g be (-12)/(-2) + 0 + -13. Let n be 0/(7/7) - g. Determine a(n).
9
Let p(s) = -s**2 + 9*s + 119. Let k = -7132 + 7148. Calculate p(k).
7
Let s be (10/(-65))/((-368)/1196). Let r(c) be the first derivative of s*c**2 - 7*c + 17. Determine r(10).
3
Let w = 9 - 5. Let s(i) = -2*i - 1 - 3*i + w*i - 3. Suppose 14*n + 368 = 106*n. What is s(n)?
-8
Let v(p) = -p**2 - p + 5. Let k(u) = 10*u + 4 + 6 + 19*u**3 - u - 7*u**2 - 20*u**3. Let i be k(-8). Suppose -2*z - 2*y - 4 = -z, i*y = 0. Give v(z).
-7
Let h be (-47)/658 - (-27)/84. Let s(o) be the first derivative of 2*o**2 + 2/3*o**3 + 0*o - 22 - h*o**4. Determine s(3).
3
Let a(w) = 3*w**3 + w**2 + w + 1. Let n(c) = -10*c**3 - 11*c**2 + 7*c. Let s(k) = -3*a(k) - n(k). Suppose 0 = 4*m - 4*x + 32, 2*m + 2*x + 23 = -3*x. Give s(m).
6
Suppose -8*t + 29*t - 63 = 0. Suppose 5*o + 7 = -4*w, -w + 9 = -t*o - 2. Let d(v) = 6*v. Determine d(o).
-18
Let v(w) be the first derivative of -w**2 - 2*w + 11. Let f = 1177 - 1168. Calculate v(f).
-20
Let b(d) = 2*d + 64. Let x be b(-18). Let w = 39 - x. Let i(s) = -1 + w*s**2 - 4*s - 3 - s**3 - 13*s**2. Give i(-3).
17
Let n(v) = -v**3 + v. Suppose 2*q = 0, -5*t + q + 80 = -4*q. Suppose 6*y + t = 22. What is n(y)?
0
Let s(u) = 4*u + 1. Let r(p) = 3*p + 1. Let w be (-16)/(-120) + (-146)/(-30). Let f(b) = w*r(b) - 4*s(b). Give f(15).
-14
Let k(w) = 8 - 5*w - w**3 - 3 + 11*w - 5*w**2. Suppose -21 = 8*i + 27. Calculate k(i).
5
Let t(c) = 4*c**2 + 97*c + 26. Let a(x) = -35*x**2 + 3*x + 8. Let v be a(1). Determine t(v).
2
Let d(o) = -o**2 - 11*o + 6. Let q be 25 + 19 + (-63 - -12). Determine d(q).
34
Let f(w) be the third derivative of -w**5/30 + 7*w**4/24 + 2*w**3/3 - 2*w**2 - 2*w. Let y(a) = a + 9. Let s be y(-5). What is f(s)?
0
Let m be (6/4)/(708/288*-3 + 7). Let s(l) be the third derivative of l**5/60 + l**4/8 + l**3/3 + 2*l**2. Calculate s(m).
6
Let l be 84/15 + (-24)/(-60). Let c(n) be the second derivative of -n**5/60 + 7*n**4/24 + n**3 + 5*n. Let x(v) be the second derivative of c(v). Calculate x(l).
-5
Let f(b) be the second derivative of -5*b**3/6 + 51*b**2/2 + 9*b - 2. What is f(10)?
1
Suppose 5 = 6*z - z. Let a(h) be the third derivative of -h**4/2 - h**3/3 - 1218*h**2. What is a(z)?
-14
Let o(i) be the first derivative of 2*i**3/3 - 18*i**2 + 151*i - 3878. Determine o(7).
-3
Suppose -40 = -5*q + 5*p, 0 = -5*q + 4*p - 1 + 38. Let j(f) = -q + 0*f + 4 + 2 - 5*f - f**2 + f. Give j(-5).
-4
Suppose b - 7 = 2. Let y(u) = -b - 1 - 3 - u + 4. Let k be ((0/(-4))/(-1))/((-9)/9). What is y(k)?
-9
Let j be 1/2 - (-3 - 6/(-12)). Suppose f + 2*f + 3 = 0, -j*l - 4*f + 80 = 0. Suppose 5*t - l = -4*u + 3, 5*t - 27 = -3*u. Let r(m) = -m**2 + 2*m + 5. Give r(u).
-3
Let b(y) be the first derivative of y - 3/2*y**2 + 2/3*y**3 - y**4 + 64. What is b(1)?
-4
Let w = -665 - -660. Let m(v) = -4*v - 6*v + 14*v - 3*v - 4. Give m(w).
-9
Let j(y) = 25*y + 1. Let v(o) = -12*o. Let i(z) = -2*j(z) - 5*v(z). Let x(u) = -3*u + 1. Let c(g) = -2*i(g) - 7*x(g). Give c(-3).
-6
Let n(q) = 608 - 2420 + 604 + q**2 + 602 - 20*q + 608. Give n(8).
-94
Suppose 3*c = 12, c + 221 = 3*h - 138. Let u = 118 - h. Let i(f) = 3*f**2 + 3*f - 4. Give i(u).
14
Let q(o) = o**2 - 10*o - 5. Let p = 4003 - 3987. Calculate q(p).
91
Suppose 21*q - 19*q + 6 = 0. Suppose 5*t + 4*u = 27 - 7, 2*u - 16 = -4*t. Let a(b) = 9 - 3 - 3*b - 5 - t. What is a(q)?
6
Let o(f) = -6*f**3 + 22*f**2 - 16*f - 17. Let n(p) = 7*p**3 - 24*p**2 + 16*p + 11. Let d(z) = -5*n(z) - 6*o(z). What is d(10)?
7
Let u(f) be the first derivative of 2/3*f**3 + 0*f + 13 + 3*f**2. Suppose 0*k + k - 23 = 5*p, 4*p + 3*k = -7. Calculate u(p).
8
Let j = 7336 - 7301. Let b(y) = -y**2 + 37*y - 74. Calculate b(j).
-4
Suppose 0 = -2*v + 2 + 2. Let l(q) = -q**3 + 5*q**v - 4 + 2*q**3 + 2*q + 0*q**3. Let c = 792 + -795. Determine l(c).
8
Let r(f) be the first derivative of f**3/3 + f**2/2 + 11*f + 1. Let o be 12/((4 - -5) + -6). Suppose -3*c = 6, -9*z + 2*c + o = -12*z. Determine r(z).
11
Let x(y) be the second derivative of y**4/12 - 5*y**3/3 - 15*y**2/2 - y + 12. Let p(h) = 10*h**2 + 17*h - 15. Let i be p(1). Determine x(i).
9
Let w(c) be the first derivative of -12 - c + 1/2*c**2. Let x(u) = u**3 - 22*u**2 + 38*u + 42. Let a be x(20). What is w(a)?
1
Let w(z) = 213*z - 99. Let v(j) = 169*j - 100. Let q(f) = 5*v(f) - 4*w(f). Calculate q(-14).
-6
Let h(n) be the third derivative of n**5/15 - 7*n**4/24 + 4*n**3/3 - 4169*n**2. Give h(2).
10
Let c(i) = -4*i - 16. Let n be c(-3). Let l(d) be the third derivative of d**6/120 + d**5/12 + d**4/24 - 4*d**3/3 + 16*d**2. Give l(n).
4
Let i be 27/12 - 2/8. Let s = -1 - i. Let k(a) = -1 - 2*a + 12 - a**2 - 11 - 2. Determine k(s).
-5
Let k(b) = 12*b + 2. Let y be (-37)/(-1) - (-7 - 0). Suppose 0 = -15*l - 7*l - y. Calculate k(l).
-22
Suppose 5*u - 4*l - 697 = -3*l, 554 = 4*u - 2*l. Let w = u + -135. Let j(o) = -o**3 + 5*o**2 - 6*o. Calculate j(w).
-30
Let l(d) be the second derivative of -d**5/20 + d**4/2 - d**3/3 - d**2/2 + 1218*d. What is l(4)?
23
Suppose 9*h + 28 = 2*h. Let x be (2 - 445/20)*h. Let b(y) = 185*y - x*y - 1 - 87*y. Give b(-1).
-18
Let r(m) be the first derivative of m**4/4 - 7*m**3/3 + 3*m**2/2 + 5*m - 108410. Let w(p) = p**2 + 4*p - 8. Let t be w(-6). What is r(t)?
-31
Let g(r) = -5*r**2 - 28*r - 17. Let k be -15*24/(-2160) + 62/(-12). What is g(k)?
-2
Let s(y) = 5*y**2 + 9*y - 8. Let d(r) = -r**2 - r. Let t = 171 - 170. Let o(u) = t*s(u) + 4*d(u). What is o(-7)?
6
Let g(h) = -12*h**3 + 2*h**2 - h. Suppose -193*b + 199*b - 24 = 0. Suppose 9*o - b = 5*o. Give g(o).
-11
Let w(d) = -d + 6. Let j be (-172)/(-60) + (-8)/(-60). Suppose j*s + 6 = 18. Give w(s).
2
Let v(b) = -b**2 + 9*b + 13. Let u(g) = g + 20. Let l(k) = k**3 + 17*k**2 + 45*k - 1. Let d be l(-3). Let s be u(d). What is v(s)?
3
Sup